mber?
False
Is 4474089391 composite?
True
Is 4759230373 a prime number?
True
Is 2118163787 a prime number?
False
Is 552216337 composite?
False
Is 13160011259 prime?
False
Is 23981628311 a prime number?
True
Is 124087111783 composite?
False
Is 1951646381 a composite number?
False
Is 2616659551 prime?
False
Is 721661273 a composite number?
True
Is 1223632517 a composite number?
False
Is 2886060893 a composite number?
True
Is 5163019891 composite?
True
Is 60555133501 a prime number?
False
Is 46695619 composite?
True
Is 2800777753 a composite number?
False
Is 268085156179 a prime number?
True
Is 1859928757 prime?
True
Is 2968938613 a prime number?
False
Is 3353611321 prime?
False
Is 4665373357 composite?
True
Is 3361155643 prime?
False
Is 26945376833 composite?
True
Is 7813926457 a prime number?
False
Is 1280408083 prime?
False
Is 603098059 prime?
False
Is 1908357961 a prime number?
True
Is 41556851803 a composite number?
True
Is 2864633339 a composite number?
True
Is 4138107821 prime?
True
Is 13165411199 a prime number?
True
Is 72311711 a composite number?
True
Is 232638011 composite?
False
Is 14418036443 a composite number?
False
Is 83335518421 a composite number?
False
Is 9319878517 a composite number?
False
Is 1113493159 composite?
True
Is 309916639 prime?
False
Is 2676003247 prime?
False
Is 1004584067 a prime number?
True
Is 27355410613 a composite number?
True
Is 7892576899 composite?
False
Is 44329800829 a composite number?
True
Is 2237644847 composite?
False
Is 276060647 composite?
True
Is 5406687323 a prime number?
True
Is 2824636519 a prime number?
False
Is 544015169 a prime number?
False
Is 2976227459 a prime number?
True
Is 27989561 a prime number?
True
Is 4237419299 prime?
True
Is 2109240017 composite?
False
Is 447956491 a composite number?
True
Is 3470977507 composite?
False
Is 58589811271 prime?
True
Is 16726061959 composite?
True
Is 1794434155 prime?
False
Is 146062641091 a prime number?
True
Is 7724728117 composite?
False
Is 129273103 a composite number?
False
Is 200077729 a composite number?
True
Is 238943249 a composite number?
False
Is 170411141 a composite number?
False
Is 7875052249 prime?
True
Is 1171269327 a composite number?
True
Is 6005186639 a prime number?
True
Is 215797831 a prime number?
True
Is 6388761721 a composite number?
True
Is 64176911 composite?
True
Is 100700024771 prime?
True
Is 6287640883 prime?
True
Is 871150597 a composite number?
False
Is 142305799 composite?
False
Is 1276868141 a composite number?
False
Is 16918019813 a prime number?
False
Is 4454654297 prime?
False
Is 35942837087 a prime number?
True
Is 4730691457 composite?
False
Is 41767442833 a prime number?
False
Is 44930536003 a prime number?
True
Is 194583673 composite?
True
Is 94496259899 a prime number?
False
Is 1113137093 a prime number?
False
Is 4085287189 composite?
False
Is 2304489181 a prime number?
True
Is 6783536899 a composite number?
True
Is 5657674387 prime?
True
Is 1381133515 composite?
True
Is 6986941697 prime?
True
Is 5367883561 a prime number?
False
Is 906388799 a composite number?
False
Is 6753252841 composite?
False
Is 2893481387 prime?
False
Is 24949687099 a prime number?
True
Is 15995462531 a prime number?
False
Is 51410223013 a composite number?
True
Is 233039898611 a prime number?
False
Is 2017043986 prime?
False
Is 82244607859 prime?
True
Is 9266914457 a composite number?
False
Is 207767779 a prime number?
False
Is 30850226449 a prime number?
False
Is 66652023953 composite?
True
Is 12584789599 composite?
True
Is 368929157 composite?
True
Is 7995197047 prime?
True
Is 25541226769 a composite number?
True
Is 306582527 prime?
False
Is 9573118177 a prime number?
False
Is 106248887 a prime number?
True
Is 1172416754 prime?
False
Is 3603751055 composite?
True
Is 20251853387 composite?
True
Is 62975362777 a prime number?
False
Is 305546747 a composite number?
True
Is 7618443149 a prime number?
False
Is 461416699 a composite number?
True
Is 160971846377 a composite number?
False
Is 669300521 prime?
True
Is 394011173 composite?
True
Is 72040051 a prime number?
False
Is 41730948359 composite?
False
Is 500111537 prime?
False
Is 652200763 a composite number?
False
Is 18740595733 composite?
True
Is 17988469329 a prime number?
False
Is 4478271307 composite?
True
Is 51665491849 a prime number?
True
Is 759957829 a composite number?
True
Is 295387751 composite?
False
Is 9901816897 composite?
True
Is 1078349803 prime?
False
Is 213778391 prime?
True
Is 1626599959 a composite number?
True
Is 6281231045 composite?
True
Is 855452341 a composite number?
False
Is 43135064663 prime?
True
Is 176012032103 a composite number?
False
Is 1013501717 a prime number?
False
Is 659242939 composite?
False
Is 45927947977 a prime number?
True
Is 314344907 prime?
True
Is 61035695387 a prime number?
False
Is 8709954647 a prime number?
True
Is 10092233111 composite?
False
Is 14748072047 prime?
True
Is 156516669679 a composite number?
False
Is 187485451 prime?
True
Is 258236291 prime?
False
Is 2083758739 a composite number?
False
Is 2466087699 composite?
True
Is 292379669 a composite number?
False
Is 2933438681 prime?
True
Is 63615756293 prime?
True
Is 12067679147 a composite number?
False
Is 1097227723 prime?
False
Is 365511761 composite?
True
Is 10546107197 a prime number?
False
Is 87693371 composite?
False
Is 4412572529 a composite number?
True
Is 2625181057 prime?
True
Is 1037775481 a composite number?
False
Is 2234943769 prime?
True
Is 4303561289 composite?
False
Is 617168597 a composite number?
True
Is 3488105531 prime?
False
Is 1159088861 a composite number?
True
Is 2796104653 a composite number?
False
Is 169675873 prime?
False
Is 22607118305 composite?
True
Is 6016341251 prime?
False
Is 43477757069 a prime number?
False
Is 617026453 composite?
False
Is 398666617 a prime number?
True
Is 985108379 prime?
False
Is 191036243 composite?
False
Is 17804271029 composite?
False
Is 3091593559 a prime number?
False
Is 33564723781 composite?
True
Is 30615113 a composite number?
True
Is 24590710673 prime?
True
Is 426168595 a prime number?
False
Is 148136710877 composite?
True
Is 291922739 composite?
True
Is 821069107 a composite number?
False
Is 25313463365 composite?
True
Is 3999027403 composite?
True
Is 2822544679 composite?
True
Is 130592862527 composite?
False
Is 28336489 a composite number?
True
Is 553910017 a composite number?
True
Is 1418074279 prime?
True
Is 3925054283 a composite number?
True
Is 145541284661 a prime number?
True
Is 359141681 a prime number?
False
Is 1447289797 composite?
False
Is 2288673577 a prime number?
True
Is 8100779677 a composite number?
False
Is 17093267951 a composite number?
False
Is 1689863491 a prime number?
False
Is 5601015973 a prime number?
False
Is 119021876813 a prime number?
False
Is 2881154303 composite?
True
Is 294428523989 composite?
False
Is 2948900819 composite?
False
Is 2906557943 prime?
True
Is 4354628471 a prime number?
True
Is 12926222161 a composite number?
False
Is 1917145921 a prime number?
True
Is 1366829791 a composite number?
False
Is 7147582807 a prime number?
True
Is 103633793 a prime number?
False
Is 4964562901 prime?
True
Is 1071056461 a prime number?
True
Is 4550817147 composite?
True
Is 5099335363 composite?
False
Is 3841734301 prime?
True
Is 7759679761 prime?
True
Is 45278798267 composite?
True
Is 984164473 composite?
True
Is 1586526527 a composite number?
False
Is 242465189 a composite number?
True
Is 1083235909 prime?
False
Is 6332848199 a composite number?
True
Is 274493041 prime?
False
Is 12253227443 a composite number?
False
Is 269806279 prime?
False
Is 74993850329 a composite number?
True
Is 70237689217 a prime number?
False
Is 1498365103 composite?
False
Is 4363505219 prime?
True
Is 36995767813 a prime number?
False
Is 9109994563 a prime number?
True
Is 21713955169 a composite number?
True
Is 7208856971 a composite number?
False
Is 2598189959 prime?
True
Is 4686660899 a prime number?
True
Is 319092571 prime?
False
Is 2953586213 a prime number?
False
Is 4064434931 a prime number?
True
Is 534554719 a prime number?
False
Is 16960684099 a composite number?
False
Is 2377491947 a prime number?
True
Is 3260724581 composite?
True
Is 3109977785 prime?
False
Is 919661213 prime?
True
Is 3149393063 prime?
T